 (-6 - 0).
1
(2 - (-2 + 9 + -2)) + (1 - -3)
1
Calculate 20 - (25 + 10 - 10).
-5
-2 - (0 + 7 - 12)
3
What is the value of -144 + 155 - (-4 - 2)?
17
What is the value of (0 + 4 - ((-33 - -19) + 30)) + -10?
-22
What is (-6 + -2 + 9 - 4) + -2 - -3?
-2
Evaluate (-7 - (-10 - -3)) + (-10 - -2).
-8
(-42 - (-23 + 9)) + 0 + 18 + -6
-16
Calculate 661 + -663 + (-3 + 2 - -27).
24
What is the value of (-5 - -2) + 3 - (34 + -41 - -29)?
-22
What is the value of 6 - (11 + -1 + -2) - 11?
-13
What is the value of 10 + 22 + -22 - 27?
-17
What is the value of -10 - (-3 + (-4 - (12 - 9))) - -10?
10
Evaluate -2 + 18 + -5 - (-5 - 3).
19
(-5 - (-3 + 2)) + -6 + 34 + -1
23
Calculate -7 - (-5 - 0) - (4 - -3).
-9
Calculate (-4 + -12 - -11) + 2 + -1.
-4
What is (-16 - ((21 - 11) + -16)) + 1?
-9
-93 - -91 - (-1 + -1 + (-4 - -1))
3
Evaluate (8 - (-28 + 2)) + -9 + (1 - 1).
25
Calculate 22 - (-8 - -17) - (0 - -2).
11
Calculate 2 - (-9 - (16 - 26)) - -3.
4
What is the value of -1 + 0 - (758 - 773)?
14
What is 20 - ((-2 - 4) + 42 + -48 + 3)?
29
What is the value of -10 + (16 - (17 + -9))?
-2
Calculate (25 - (5 + 11)) + 8 + -2.
15
Calculate (26 - 1) + -5 - ((13 - 9) + 2).
14
What is (-601 - -603) + -38 + 0?
-36
What is 5 - (-18 - -9 - -3)?
11
Evaluate 31 - (87 - 95 - (0 + -4 - -2)).
37
Calculate -6 - (2 + -1) - (4 - 9 - -8).
-10
What is 2 - -8 - ((-5 - (-3 + -14)) + -14)?
12
Calculate (-1 - 3 - ((-32 - -34) + 34)) + 4.
-36
What is the value of 11 + 18 + -14 + (-37 - -18)?
-4
What is the value of 1 - -11 - (4 + -1 + -4)?
13
Evaluate 0 + 2 + 9 + -23 + 6.
-6
Calculate 33 - 1 - (-246 + 265).
13
Calculate 26 + 2 + -47 - -19.
0
Calculate (-10 - -10 - 17) + 5.
-12
Evaluate -11 + 0 + (0 - (-4 + 1)).
-8
(-1 - 0 - 3) + -284 + 284
-4
7 - (8 + -1 - (2 - -1)) - 15
-12
Calculate 9 - -15 - (40 + -23) - (41 - 0).
-34
Calculate 9 - (13 - (19 - 14)).
1
What is -27 - (30 + -26 + -33)?
2
What is -8 + 7 + -10 + 13 - 25?
-23
Evaluate (1 - (-2 + 10)) + (-182 - -200).
11
-113 + 111 + (1 - -13)
12
Evaluate (-4 + 7 - 11) + 1 + -2 + 3.
-6
-7 + -12 + -12 + 33 + -7 + 44
39
Calculate -8 - (-7 - (3 + -2)).
0
Evaluate (3 - -2) + 4 + -35 + 23.
-3
What is the value of -14 - (-5 + 4 - 17)?
4
What is the value of 11 + (9 - -4 - 14)?
10
Calculate (-3 - 0) + (-4 - -7) + 2.
2
Evaluate -10 - (6 - (-18 + 24)).
-10
What is the value of (-1 - 14) + 210 + -196?
-1
What is the value of -3 + 2 + 0 - (-23 + 3 - -18)?
1
What is (1 - 6) + (3 - 6 - 4)?
-12
Evaluate (-5 - -1) + (0 + 7 - (-86 + 75)).
14
5 - 1 - (13 + -6 - 5)
2
What is -6 - (1 + -7 - -18 - 6)?
-12
-36 - (-47 + -10 + 24)
-3
-1 - -5 - (117 - 107)
-6
What is -6 - (-11 + (-19 - -6))?
18
Calculate -14 + 0 - (15 + -19 - 17).
7
Evaluate -31 + 25 + 3 - (-1 + -7).
5
-7 + 0 - (-4 + (6 + 8 - 8))
-9
Calculate (-16 + 4 - -26) + 2 + 8.
24
Evaluate 22 + -2 + 221 + -243.
-2
What is the value of (12 + -15 - (2 - 2)) + (-61 - -37)?
-27
Calculate -5 + (17 - ((17 - 6) + -10)).
11
What is the value of 0 - -17 - (28 + 21 + -38)?
6
Calculate (53 - 51) + (2 - -2 - 1 - 2).
3
What is 14 + (-6 - 2 - -2) + -1 - 13?
-6
Calculate (-25 - 1) + (-70 - -71) - -8.
-17
What is 15 - 0 - (-103 - -111) - -4?
11
Calculate -2 + (1 - (-21 + 23)).
-3
What is the value of (-12 - -4 - -16) + (-8 - 0)?
0
(7 - -9) + -4 + -4 + 3
11
45 - (84 - (48 + -36))
-27
5 + 2 + 2 - 14
-5
What is the value of -1 - (12 + -17 + (4 - 11) + -1)?
12
-16 + 0 - -15 - (1 + 8)
-10
Evaluate (0 + (-5 - -11) - 9) + 31 + -8.
20
-11 + 36 - 15 - (-13 + 2 - -3)
18
Calculate (7 - 21) + 10 + 5.
1
What is 7 + -4 - (12 + -10)?
1
What is (-23 - -25 - (3 - 0)) + (12 - -21)?
32
22 - -1 - (97 - 86)
12
-34 + (-16 - -8) + 25 + -2
-19
What is the value of -71 + 12 - (-56 + 12)?
-15
What is the value of -7 + -7 + 7 - (2 + -25)?
16
What is 2 + -22 + 6 - ((3 - 3) + -5)?
-9
What is the value of (57 - 65) + -17 + 0 + 6?
-19
Evaluate (-91 - -92) + -5 + 1 - (2 + -7).
2
Evaluate 19 - 8 - (-8 - -14) - -10.
15
What is the value of 15 + -17 - (6 + 2 - 8)?
-2
Calculate -2 - 1 - (-56 + 76).
-23
What is the value of -13 - (4 + (-27 - -9)) - 6?
-5
Evaluate 10 - ((-1 - 3) + 19).
-5
(64 - (3 + 15)) + -30
16
Evaluate 180 - 193 - (2 - 3).
-12
Calculate 2 + -6 - (5 + -8 + 4).
-5
Calculate 28 + (-15 - (13 + (-20 - 4))).
24
What is 18 + -36 + 9 + 2 + -2 + -22?
-31
Calculate 12 - -10 - (-5 + 10 - (0 - 2)).
15
What is 2 - -9 - 25 - -22?
8
Evaluate 171 - 192 - (7 - 13).
-15
Evaluate 949 + -964 + -1 + (26 - 2).
8
1 - -8 - ((-1 - -3) + -66 + 83)
-10
(-15 - -21) + -4 + -7 + -1
-6
Evaluate 1 + 1 + 5 + -24 + 6 - -3.
-8
(-152 - -123) + 18 + -3
-14
What is the value of (0 - 2) + 30 + -3 + -5 - 2?
18
What is 3 + -11 - (19 + -14) - -1?
-12
What is the value of 55 - 42 - (-6 - -14)?
5
What is 16 - 9 - 17 - 7?
-17
Calculate (-7 - -13 - -11) + -30.
-13
What is the value of (125 - 147) + 2 + 5 + -2 + -1?
-18
-12 - (-8 + -7 + 6 - -4) - 4
-11
What is the value of 3 - 1 - (-3 + 5 - (2 - 0))?
2
What is the value of -10 - (-13 + 8) - (1 - 5) - -4?
3
(-12 - -26) + -23 + (20 - (-2 - -4))
9
Evaluate 20 + (-13 - -17) + -5 - 57.
-38
5 - (-1 + 3) - (9 - (17 + -4))
7
Calculate 20 + -8 - 5 - 13.
-6
What is the value of 1 + (-8 - (-56 + 28))?
21
Evaluate 21 + -13 + -10 + -6 - (1 - -8).
-17
What is (-15 - -2) + -537 + 571?
21
What is the value of -15 + -1 + (0 - -1) + (442 - 434)?
-7
Calculate 32 - (21 - (53 + -37)).
27
Calculate -10 - (-18 + 5 + (-3 - -6)).
0
-16 - (-54 + (23 - -5))
10
What is the value of 20 - (17 - -8) - (5 + -2)?
-8
-5 - (-20 - -25 - (3 - 1))
-8
What is the value of 30 - 6 - (-6 + 33)?
-3
Calculate 26 + (11 - (31 - 6 - (-1 - -5))).
16
Evaluate -94 + 76 + (-5 - 2).
-25
Evaluate 10 + 0 + -14 + 1.
-3
What is the value of (6 - 0) + -6 + 10 + -2 + -18?
-10
Evaluate 14 - (-2 + -18 - -32).
2
Calculate -7 - 0 - (-13 + 11 + (-17 - -9)).
3
18 + -3 + -11 + 20 + -18
6
What is the value of -2 - (4 - -1) - (12 + -53 - -25)?
9
Evaluate -16 + -22 + 31 + 1.
-6
What is 12 - (-10 + 0 - (16 + -37))?
1
Evaluate 1 - -22 - (-10 - -19) - -4.
18
Evaluate 13 + 1 + (-1 - (2 + -1)).
12
Calculate (-127 - -101) + -10 + 24.
-12
Evaluate 2 - (4 + 3) - (6 + -5 + -7).
1
What is (1 - -7) + 125 + -142?
-9
Calculate 1 - 6 - (-236 - -239).
-8
What is the value of (4 - (-7 - -7)) + -6 - (26 - -4)?
-32
What is the value of 1 + -17 - (62 + -3 - 44)?
-31
Calculate (23 - 9 - 57) + 11.
-32
What is the value of 4 - (43 - 27 - (5 + 0))?
-7
What is (0 + -7 + -6 - -4) + 11?
2
-4 - (-29 - (-47 - -25))
3
What is -374 + 354 + -1 + 22?
1
What is 2 - (-10 + 0 + 14 + -13)?
11
What is the value of 8 + 20 + -22 + (1 - 7)?
0
What is 7 - -2 - (3 + -12 + 6) - -2?
14
Evaluate 27 + -28 - (0 - (2 + 7)).
8
What is the value of (-16 - -2) + 9 + -6 + -2?
-13
Evaluate -5 + 1 - (4 + -12 + 5).
-1
Calculate (-38 - -20) + 19 + -17 + 0.
-16
Evaluate (-11 + 28 - 21) + (4 + 1 - -3).
4
-18 + -3 + 3 + -241 + 292
33
Calculate 23 + -10 + (-4 - (-3 + -3 + 3)).
12
-16 + -9 + -1 + 11 - -8
-7
Evaluate -28 + -3 + 37 + -1 + 1 + 10.
16
-5 - (1 + (2 - 2)) - (-189 + 187)
-4
Evaluate 21 - 4 - 11 - (0 - (-4 - 2)).
0
Calculate -1 + (3 - 5) - (13 + -7).
-9
What is 6 + (-2 - (6 - (5 + 2))) + 9?
14
What is -6 + -1 + (14 + -22 + -4 - 0)?
-19
What is the value of 14 + -46 + -1 + (15 - 1)?
-19
(13 - (27 + -13 + -3)) + 2
4
21 + (-60 - -29) + (10 - -1)
1
What is -3 - (-1 - (4 + -22 - -7))?
-13
(-8 - -14) + -4 + -9 + 4
-3
What is -40 + (37 - -4 - -20)?
21
What is -13 - (6 + -3 + -10 + 0)?
-6
What is (1 - (-3 + 1)) + (31 + -19 - 9)?
6
What is (-18 - -42 - 9) + (-9 - -2) + 1?
9
Evaluate 6 + -4 + -8 + (13 - 9) + -12.
-14
6 + -4 - (-2 - -19) - (8 + -14)
-9
(-19 + -68 - -84) + 1 + -16
-18
What is 14 + (12 - (5 + 2 + 5))?
14
What is -14 - -14 - (9 + -3 - 7)?
1
Evaluate (6 + 6 - (9 - -2)) + 35.
36
Evaluate 6 + (23 - 9) - -1.
21
What is 12 + 25 + (-9 - -6 - -6 - 7)?
33
-23 + 14 - (-13 - 2) - 8
-2
(2 - (-5 + 9)) + 2 - 2 - -3
1
Calculate 0 + 1 + -13 + -27 + 30.
-9
0 + 7 + (-4 + 26 - 27)
2
Calculate (5 - (6 + -3) - 1) + (16 - 9).
8
Calculate -3 + 22 + -20 + -6 + 6.
-1
Evaluate -22 + 16 + 16 + -35 + 6 + -1.
-20
Evaluate -5 - (0 + 25 - 31).
1
Evaluate (-11 - (5 + 6)) + 10.
-12
Evaluate -14 + 39 + 3 + (1 - -1).
30
18 + (-2 - (-24 - -7))
33
Evaluate -3 + -36 - (-280 + 215).
26
(-3 + -8 + 5 - 3) + 24
15
Calculate 0 - -10 - -2 - (28 - (44 - 14)).
14
3 + -1 + (-67 + 30 - -12)
-23
(-3 - (-14 